e w(i).
12
Suppose 12*r - 7*r = 4*o - 17, 2*o = 5*r + 11. Suppose -4*a - 1 = -a + t, 2*t - 1 = -o*a. Let l(i) = -11*i**3. What is l(a)?
11
Suppose 0*c + 4*y = -3*c - 43, 7 = -3*c + 5*y. Let j(g) = 8000*g + g**2 - 16000*g - 1 + 8010*g. What is j(c)?
-10
Let b(y) = 7*y + 3. Let o(u) = -u - 1. Let m be o(-4). Let n(i) = -2 - 5*i**2 - 62*i**m - 53*i**3 + 114*i**3. Let c be n(-5). Determine b(c).
-11
Let n(f) be the first derivative of f**2/2 - 8*f - 1094. Suppose 3*b = -5 + 2. Let a be 0*(b/(-2))/1. What is n(a)?
-8
Suppose 19*s - 13 - 82 = 0. Suppose -2*n + 48 = s*a, 3*n - 5 + 1 = a. Let x(z) be the first derivative of -z**4/4 + 3*z**3 - 4*z**2 + 5*z - 6. Give x(a).
5
Suppose -4*y = -2*j + 86, 51 = 4*j + 3*y - 121. Let w be ((-120)/6 - (-3)/(-2))*2. Let q = j + w. Let l(c) = -c**2 + c + 2. Calculate l(q).
2
Let u be (-2 + 2)/(6 + (-20)/4). Let l(g) = g - 1. Calculate l(u).
-1
Let l(m) = -3*m - 1. Let a(d) = 6 - 2 - 3 + 13*d**2 + 5*d - 14*d**2. Let f(p) = -a(p) - 3*l(p). Give f(-5).
7
Let k(x) = -x**2 + 8*x - 4. Let z be -6*(-5)/6 - (-1 - -1). Suppose 12*o - z*o = 0. Suppose 0*t - t + 6 = 2*r, o = -2*r. Give k(t).
8
Let m(v) = -v**2 + 16*v - 19. Suppose 1464*r = 1455*r + 117. Determine m(r).
20
Let n(m) = -43*m - 1. Let v(t) = 6*t**2 - 54*t - 59. Let g be v(10). Determine n(g).
-44
Suppose 0 = y + 4*z + 14, 3*y + 2*z = -2*z - 18. Suppose 82*n + 1204 = -4*n. Let m be (-6)/7*n/y. Let d(u) = u**2 + 8*u + 3. What is d(m)?
-9
Let q(j) be the second derivative of -1/3*j**3 + 1/10*j**5 + 0*j**2 - 21 - 1/12*j**4 + j. Give q(-2).
-16
Let o be (-2 + 1)*(0 - 17). Let w(a) = a**3 - 64*a**2 - 17*a + 4. Let v(n) = -3*n**3 + 216*n**2 + 51*n - 12. Let k(h) = -2*v(h) - 7*w(h). Give k(o).
-4
Let w(o) = o**3 + 11*o**2 + 20*o + 9. Let p = -4224 + 4215. Calculate w(p).
-9
Let f(l) = l**2 - 9*l - 15. Let a be f(11). Suppose -a + 21 = 7*c. Let x(o) = -o**3 + 2*o**2 - 3*o + 3. Determine x(c).
-3
Let d(v) = 11*v**2 - 1715*v + 3415*v - 1702*v. Give d(-1).
13
Let z(w) = w**3 + 4*w**2 - 4*w - 3. Suppose 5*m + 31 + 44 = 3*y, -2*y + 75 = 5*m. Let g be y/20 + (-2)/(-4). Suppose 0 = h + g*h + 12. Calculate z(h).
13
Let h(r) = 11*r + 117*r**2 - 1 + 113*r**2 - 229*r**2 - 1. Suppose -58 = 5*j - 2*w - 1, 10 = -j - w. What is h(j)?
-2
Let s(x) = 11*x + 5. Let y(k) be the third derivative of -k**4/4 - k**3/2 - 17*k**2 + k. Let z(j) = -4*s(j) - 7*y(j). Give z(3).
-5
Let z = 5226 + -5222. Let v(o) = -23*o + 61. What is v(z)?
-31
Let y(b) = -2 + 24 + b**2 - 21*b + 5 - 9. Calculate y(18).
-36
Suppose 2*n - 3*n - 7 = 0. Let h(y) be the second derivative of y**4/24 + 7*y**3/6 - 4*y**2 + 86*y. Let q(m) be the first derivative of h(m). Determine q(n).
0
Let x(q) = 88*q - 268. Let m be x(3). Let z(t) = t**2 + 2*t. Give z(m).
8
Suppose 611*r - 614*r = -5*x - 6, -2*x = 2*r + 12. Let o(d) = d**3 + 5*d**2 + 9*d + 12. What is o(x)?
3
Let q(a) = a**2 - 9*a + 8. Suppose 4*i - 18 = -3*p + i, 2*i = 3*p - 3. Let g = -2076 - -2092. Suppose 46 = 4*w - 2*k + g, 0 = -p*k - 3. What is q(w)?
-6
Let c(d) = 19132*d - 38263*d - 2 + 5 - 3*d**2 + 19131*d. Calculate c(-3).
-24
Let g(d) = d**3 - 9*d**2 + 9*d - 7. Let b be g(8). Let k be 0 + b/((-1)/5). Let j(y) = 517*y**3 + 4*y**2 - 2 - 3*y + 4 - 1032*y**3 + 516*y**3. Give j(k).
-8
Let w(f) be the third derivative of 11*f**4/24 + 4*f**3 - 5*f**2 - 4. Suppose 16 = 3*x - 8. Let n(g) = 7*g + 16. Let z(k) = x*n(k) - 5*w(k). What is z(7)?
15
Let j = -1777 - -1780. Let t(i) be the third derivative of -i**6/720 + i**5/60 + i**4/6 - 2*i**2. Let w(s) be the second derivative of t(s). Calculate w(j).
-1
Let f(t) = -29 - 2*t**2 - 1727697*t + 5*t**2 + 1727749*t. What is f(-18)?
7
Let l(r) = 328*r**2 - r**3 - 20 - 16*r + 5*r - 171*r**2 - 166*r**2. Give l(-8).
4
Let y be 1/((-2)/(-60)*2). Suppose -c + 27 = 4*o, 0 = -3*o - 0*c + c + y. Let q(u) = -19*u**2 + 7*u**2 + 13*u**2 + 9 + 6*u**2 - u**3 - 7*u. Give q(o).
3
Let m be (-2)/(-9) - 25/(-9). Suppose 6 = 2*w - s, 4*w - 28 = 5*s - 10. Let k(i) = 0*i**3 - 9 + 8 - 3*i**3 + 2*i**3 + w*i**2 + i. Determine k(m).
-7
Suppose -i = -4*i - 6. Let z be (9 - 10)/(i/6). Let l(h) = -4 + 1 - z*h - 4 + 4*h. What is l(6)?
-1
Let m(h) = -5965 - 5957 + 11908 + 2*h. What is m(5)?
-4
Let p(f) = -f - 1. Let x(d) = d. Let y(u) = 3*u**2 + 8*u - 17. Let w be y(-4). Let k(j) = w*p(j) - 5*x(j). Suppose 2*i = i + 4. Determine k(i).
-15
Suppose -g - 3*j - 12 = 0, 2*j + 22 = -g - 3*j. Let x(c) = -c - 12. Determine x(g).
-15
Suppose 0 = -3*j - 369*q + 367*q + 3, 5*j + 4*q = 3. Let u(i) be the first derivative of 5 - j*i - 3*i**2 + 1/3*i**3. Determine u(5).
-8
Let h(l) = 4*l**3 - 11*l**2 + 11*l + 22. Let g be h(-1). Let j(z) = -21*z + 19. Calculate j(g).
103
Let i be (-18)/(-3 - 63/(-28)). Let a be 185/90*-3 + 4/i. Let p(m) = m + 9. Calculate p(a).
3
Suppose -8*l - 32 = -0. Let o be (18/(-9) - l)*(-6)/(-4). Suppose -o*w + 3 = 0, -w + 1 = v - 0. Let y(p) = p**3 - p**2 - p + 3. What is y(v)?
3
Let i(q) = -6 + 4*q**2 - 2 - 3*q**2 - 9*q. Suppose v - 30 = 4*v. Let x be 3 - (9 + -3) - v. Give i(x).
-22
Let p be -26 + 6/3 - (4 - 7). Let u(j) = j**2 + 19*j - 40. Calculate u(p).
2
Let b(r) = -3*r - 4. Let t(j) = 2*j + 138. Let p be t(-28). Let a = p + -86. Calculate b(a).
8
Let l = 220 - 128. Let j = l - 90. Let k(v) = -v - 6*v**2 + 2*v**2 - v**2 - 27*v**3 + 6*v**j. What is k(1)?
-27
Let p(q) be the second derivative of -q**6/720 + q**5/30 + q**4/4 + q**2 + 74*q. Let g(o) be the third derivative of p(o). Give g(2).
2
Let s(n) be the first derivative of -9*n - 1/2*n**2 - 73. Let a be -4*3/((-12)/(-7)). Determine s(a).
-2
Let w(r) = -32*r. Let b = 774 + -774. Determine w(b).
0
Suppose 8*b + 55 = 3*b. Let h be (5 + -1)/4*(1 - -3). Let y(g) = g + 9. Let f(p) = p + 10. Let k(v) = h*f(v) - 6*y(v). What is k(b)?
8
Let s(l) = -2*l + 36. Let m be (-1295)/(-55) - (410/(-55) - -8). Calculate s(m).
-10
Suppose 4*g - 10 = -g. Let t(l) = g - 2 - 2 + 1 - 3*l**2. Let s = 15 + -13. Calculate t(s).
-13
Let y = -529 - -532. Let l(t) = t**2 + 3*t - 35 + 34 - 4*t + 2*t - 15*t**y. What is l(1)?
-14
Let g(k) = k**3 - 17*k**2 - 42*k + 66. Suppose -5*b - 5*p + 130 = 0, -4*p = -2*b + 5 + 5. Determine g(b).
-10
Let n(q) = -4*q**3 - 18*q**2 - 34*q + 19. Let x(s) = 3*s**3 + 17*s**2 + 34*s - 18. Let y(g) = 2*n(g) + 3*x(g). Determine y(-12).
8
Let v(u) = -u - 365 - 2*u - 359 + 721 + 2*u**3 + 5*u - 3*u**2. Give v(3).
30
Suppose 35*m - 40 = 43*m. Let u(i) = -i**3 - i**2 - 2*i - 1. Let j(y) = 3*y**3 + 11*y. Let n(k) = j(k) + 4*u(k). Give n(m).
6
Let q(r) = -r - 37. Let v = 7135 - 7145. Calculate q(v).
-27
Let f(i) = -73*i**3 + 2*i + 2. Suppose 0 = -323*s - 76 - 247. Give f(s).
73
Let f(d) = 4*d + 8*d + d + 2*d + 11 - 17*d. What is f(11)?
-11
Let q be (-3)/(11/(-385)*-21). Let d(k) = 6*k - 3*k - 3*k - k - 1. Give d(q).
4
Let p be -13 - (8/8 - 14). Let n(r) be the third derivative of 1/60*r**5 - 29*r**2 + p*r + 13/6*r**3 + 1/2*r**4 + 0. Determine n(-9).
-14
Suppose 4*m + 5*c - 49 = 0, -3*m - c + 3*c + 31 = 0. Let q(b) = -6 + 34 - b - 15 - m. What is q(11)?
-9
Let r(w) = w - 1. Let a(l) = 11 + 1 - 4 - 5*l. Let q(x) = -a(x) - 4*r(x). Let d = 757 - 750. Give q(d).
3
Let x(v) = 2*v**3 + 11*v**2 - 7*v + 4. Let u = -18922 + 18916. Give x(u).
10
Let c(o) = -13*o + 795. Suppose -6*y + 766 = 400. Give c(y).
2
Let i(b) = b**2 - 22*b + 18*b + b**2 - 1. Suppose 0 = -182*s + 188*s - 42. Let w(h) = h**3 - 7*h**2 + 3*h - 18. Let n be w(s). Calculate i(n).
5
Let x(q) = -3*q**2 - 2*q + 5. Let f be x(-3). Let j(o) = o**2 + 12*o - 44. Let z be j(f). Let i(p) = 0 - 9*p + z*p + 2 - 1. Calculate i(1).
12
Suppose 87*m = 82*m. Let q(y) = 7*y + 31. Let p(f) = -f. Let j(o) = 5*p(o) + q(o). Let x(a) = -a - 15. Let c(l) = -3*j(l) - 7*x(l). What is c(m)?
12
Let p(b) = 10 + 25 - 7*b**2 + 40*b - 15*b**2 - 11 - b + b**3. What is p(20)?
4
Let g(u) = -11 - 1 + 3*u - 2*u**2 + 24*u**2 + 24*u**2 - 47*u**2. Calculate g(5).
-22
Let g(i) = 6*i + 301*i**2 - 603*i**2 + 6*i - 79 + 304*i**2. What is g(4)?
1
Let r(v) = 221*v - 892. Let i be r(4). Let k(a) = 11*a + 76. Determine k(i).
-12
Let a(y) = -4*y + 36. Let f(j) = 14*j - 33. Let p be f(3). Determine a(p).
0
Let b be ((-369)/(-82))/(2/76). Let s = b - 174. Let g(n) = 4*n - 2. Determine g(s).
-14
Suppose -l = 3*f + 3*l - 20, 2*f - l - 17 = 0. Let s(o) = 43*o - o**3 - 20*o**2 - f - 12 + 3. Let